16. Suppose -b = -22 + y. What is the remainder when b is divided by 8?
5
Let a(w) = 4*w + 23. Let y be a(-5). Let p be 3/2*(-8)/(-3). Suppose -y*z - 48 = -4*x + 7, p*z = 4*x - 60. What is the remainder when 27 is divided by x?
7
Let h(y) = 5*y + 8. Let p be h(6). Suppose -4*w + p = -6. Suppose 288 = 3*x + 6*x. Calculate the remainder when x is divided by w.
10
Suppose -5*r = -3*v - 61, 0 = r + v - 0*v - 17. Calculate the remainder when r is divided by 5.
4
Suppose 3*v - 9 - 39 = 0. Calculate the remainder when 59 is divided by v.
11
Suppose -4*c = -0*c + 4. Let s = 33 + -22. Calculate the remainder when (c - -5)/(2/10) is divided by s.
9
Suppose -4*d - 17 = -97. What is the remainder when d is divided by 2/(2/3) - -4?
6
Let o(d) = 5*d + 5. What is the remainder when 138 is divided by o(6)?
33
Calculate the remainder when (-4)/26 - (-21868)/182 is divided by 25.
20
Let y(h) = -h**2 - 3*h - 2. Let z be y(-2). Suppose -2*n + 76 = -z*n. Suppose -83 = -6*u - 5. What is the remainder when n is divided by u?
12
Suppose 3*k - 1 = 2. Let w(u) = 3*u**2 + 6*u + 7. Calculate the remainder when w(-2) is divided by 1 - -3*(k - 0).
3
Calculate the remainder when 147 is divided by (4 - (-259)/(-21))/((-1)/6).
47
Let h be 1*(-1 + -1*6). Let n = h + 12. Suppose 0 = n*g - 10*g + 60. Calculate the remainder when 22 is divided by g.
10
Suppose -33 = 6*v - 7*v. What is the remainder when 163 is divided by v?
31
Let a be 2/(3/(6/2)). Suppose -l = -4*r - 7, -5*l = -r - a*r - 18. Let z(s) = -2*s - 1. What is the remainder when z(-4) is divided by l?
1
Let w = 13 + 13. Let d(a) = a - 19. Let y be d(0). Let k = 33 + y. Calculate the remainder when w is divided by k.
12
Suppose -5*k + 105 = -0*k. What is the remainder when k is divided by 8?
5
Let d(w) = 25*w + 4. Let q be d(5). Suppose -5*u = 4*i - 2*i - 79, 4*u - q = -3*i. What is the remainder when i is divided by 16?
15
Suppose 0 = 3*v + 9, 9*r + 5*v - 10 = 4*r. Calculate the remainder when 24 is divided by r.
4
Let t = -29 - -26. Let b(x) = x**3 + x**2 + x + 2. Let v be b(-2). What is the remainder when (1 + t)/(v/44) is divided by 12?
10
Suppose -4*h + 56 = p, p = -0*p - 5*h + 60. Calculate the remainder when p is divided by 22.
18
Let s(q) = 6*q**2 + 4. Let v(g) = 7*g**2 + 3. Let z(m) = -3*s(m) + 4*v(m). What is the remainder when z(1) is divided by 4?
2
Let s = 110 - 55. Calculate the remainder when s is divided by 19.
17
Suppose 2*p - 4 = 3*p. Let a be 2/5 - (-26)/10. Let o = a - p. Calculate the remainder when o is divided by 3.
1
Let g(r) = 2*r**2 + 6*r + 18. What is the remainder when g(-6) is divided by 28?
26
What is the remainder when 7 is divided by (-2)/((-8)/28) - 2?
2
Let v = -179 - -185. What is the remainder when 41 is divided by v?
5
Suppose m + h + h + 9 = 0, 4*h = 3*m - 23. Let z be 1/(-3) + (-2)/(-6). Calculate the remainder when (z - (-1)/m)*16 is divided by 9.
7
Let y = 1 - 18. Let q = y - -28. Let z = -9 - -41. Calculate the remainder when z is divided by q.
10
Let m = 258 + -96. What is the remainder when m is divided by 33?
30
Let k = 2 - -4. What is the remainder when k is divided by 2?
0
Suppose 3*i = 2*i + 25. Suppose 3*u - 3*k = 15, 2*k = 3*u - 6*u + i. What is the remainder when u is divided by 5?
2
Suppose 2*k + 0 = -8. Let v = k + 7. Calculate the remainder when 47 is divided by (-1)/v + 49/3.
15
Suppose 5*p - 11 = 4. Let k(i) = 3 - 1 - 2*i**p + i**2 - 3. Calculate the remainder when 5 is divided by k(-1).
1
Let v = -31 + 43. Suppose 5*s + 4 = 9, -4*o = 4*s - 32. What is the remainder when v is divided by o?
5
Let b = 31 - 10. Let f = 38 - b. What is the remainder when f is divided by 5?
2
Let a = 11 + -7. Suppose -b + a*c - 21 = -86, -3*b - 5*c + 110 = 0. What is the remainder when b is divided by 12?
9
Let q(d) = -2*d + 0*d - 2*d**3 - 3*d**2 - d - 3. Suppose 5*a - 16 = 4. Calculate the remainder when q(-2) is divided by a.
3
Suppose -216 = -5*v + 59. What is the remainder when v is divided by 19?
17
Let q(d) = 100*d**2 - 4*d + 3. Calculate the remainder when q(1) is divided by 17.
14
Let p = -46 - -33. Let o be -9 - (-2 - 0 - 1). Let h = o - p. What is the remainder when 13 is divided by h?
6
Let r(y) = y**3 - y + 77. Let v be r(0). Let h = -45 + v. What is the remainder when h is divided by 17?
15
Let y = 1 + 1. Let l be -4*(2 + -1)*-6. Suppose 0 = -h - y*t - t + 13, 4*h = 2*t + l. What is the remainder when 19 is divided by h?
5
Let l = 178 + -85. What is the remainder when l is divided by 32?
29
Let l be 1/(-3) + 16/(-6). Let h = 19 + l. What is the remainder when 2/(-8) - 121/(-4) is divided by h?
14
Suppose -3*o = 2*o. Suppose -2*u - u + 45 = o. What is the remainder when 58 is divided by u?
13
Let a = 7 + -1. Let k be a/21 + 90/(-21). Calculate the remainder when 17 is divided by 316/36 + k/(-18).
8
Suppose -2*j - 3*j = 10, -5*j - 26 = -2*w. Let l(z) be the first derivative of 22*z**3/3 - 1. What is the remainder when l(-1) is divided by w?
6
Calculate the remainder when 181 is divided by (9/6)/(18/312).
25
Let v(q) = q**3 - 2*q + 2. Let h be v(2). Suppose h - 32 = -n. What is the remainder when n is divided by 14?
12
Suppose -5*h + 2*i - 5 = -42, -2*h = 3*i - 30. What is the remainder when 39 is divided by h?
3
Let o(q) = -q**3 - 11*q**2 + 10*q + 11. Calculate the remainder when o(-12) is divided by 18.
17
Let c(z) = -7*z. Let v be c(1). Let d(o) = -o**3 - 8*o**2 - 7*o + 7. Calculate the remainder when 13 is divided by d(v).
6
Let d = -5 - -7. Let j be (15/(-10))/(d/(-116)). Suppose 0 = -2*k - 19 + j. Calculate the remainder when k is divided by 18.
16
Suppose -9*p + 2*p + 413 = 0. Let k = -26 + 3. Let a = k + 43. Calculate the remainder when p is divided by a.
19
Let p(v) be the first derivative of -5*v**2/2 + 11*v - 3. Let n be p(9). Let z = n + 58. Calculate the remainder when 46 is divided by z.
22
Let b(s) = 7*s + 1. Let f be b(-1). Let d = 0 - f. Let k = -5 + 9. What is the remainder when d is divided by k?
2
Suppose -15 + 3 = -3*s + b, 4*b - 12 = -3*s. What is the remainder when s is divided by 2?
0
Let l = 42 - 24. What is the remainder when l is divided by 10?
8
Calculate the remainder when 0 + 21/14*(-2)/(-1) is divided by 3.
0
Let b = 11 + -8. Suppose b*s = -2*s + 25. What is the remainder when s is divided by 16/6 + 4/(-6)?
1
Calculate the remainder when 2/(-3 + 7)*94 is divided by 12.
11
Suppose 3*d + 39 = 2*o, 3*o - 4*d + 31 = 88. Let a(r) = r - 3. Let w be a(5). Calculate the remainder when 2*((-33)/(-2) - w) is divided by o.
14
Suppose -u + 8 = -3*u. Suppose -4*d - 3*c + 5*c + 56 = 0, 0 = d + 2*c - 19. What is the remainder when u*(-3 - (-62)/(-8)) is divided by d?
13
Suppose 1022 = 11*k + 3*k. Calculate the remainder when k is divided by 25.
23
Let z be 360/16 + 1/2. What is the remainder when 59 is divided by z + (-6)/(-2 - -4)?
19
Suppose 5 - 3 = 2*k. Let u = 6 - k. Calculate the remainder when 7 is divided by u.
2
Let v(p) = p**3 + 3*p**2 + 3*p + 7. Calculate the remainder when v(4) is divided by 33.
32
Let k(i) = -i**3 - 6. What is the remainder when 62 is divided by k(-3)?
20
Let n be 9 - (-8)/(-12)*6. Suppose y - n*u = -11, -23 = -3*y + y - 5*u. What is the remainder when y is divided by 3?
1
Let s(k) = 3*k + 4. Let c(o) = -4*o - 5. Let n(m) = 4*c(m) + 5*s(m). What is the remainder when 30 is divided by n(-8)?
6
Suppose 0 = -0*v - 5*v + 10. Suppose -v*r + 9 = -0*r - j, -j + 40 = 5*r. What is the remainder when 19 is divided by r?
5
Let i = -16 + 30. What is the remainder when 27 is divided by i?
13
Suppose -5*j = 4*z - 48, 3*j - z - 19 - 3 = 0. Calculate the remainder when (-2)/(-8) - (-54)/j is divided by 3.
1
Suppose -3*l - a + 40 = 3*a, -5*l + 5*a = -125. Let z(f) = f**2 - 5. What is the remainder when l is divided by z(4)?
9
Suppose -5*g - 25 - 15 = 0. Calculate the remainder when (30/g)/((-4)/16) is divided by 6 - (1 + 0 + -3).
7
Let w(d) = -7*d + 8. Let q = 16 - 10. Let v be w(q). Let y = -17 - v. What is the remainder when 33 is divided by y?
16
Suppose 5*b + 9*c - 15 = 4*c, c = -5*b + 11. Suppose 0*o + b*o = 0, 3*x - 186 = -2*o. Calculate the remainder when x is divided by 16.
14
What is the remainder when 19 is divided by 1*((-15)/(-3) - 3)?
1
Calculate the remainder when 62 is divided by 25 + -1 + 4 - -4.
30
Let y = 8 - 4. Suppose -4*n =